{"id":802,"date":"2017-06-07T20:38:33","date_gmt":"2017-06-07T18:38:33","guid":{"rendered":"http:\/\/aehz.fr\/?page_id=802"},"modified":"2019-12-07T17:48:50","modified_gmt":"2019-12-07T16:48:50","slug":"experience-par-secteur-dactivite","status":"publish","type":"page","link":"https:\/\/aehz.fr\/index.php\/experience-par-secteur-dactivite\/","title":{"rendered":"Nos r\u00e9alisations par secteur d&#8217;activit\u00e9"},"content":{"rendered":"<p>[et_pb_section bb_built=&#8221;1&#8243; admin_label=&#8221;section&#8221; transparent_background=&#8221;off&#8221; background_color=&#8221;#ffffff&#8221; allow_player_pause=&#8221;off&#8221; inner_shadow=&#8221;off&#8221; parallax=&#8221;off&#8221; parallax_method=&#8221;off&#8221; padding_mobile=&#8221;off&#8221; make_fullwidth=&#8221;off&#8221; use_custom_width=&#8221;off&#8221; width_unit=&#8221;on&#8221; make_equal=&#8221;off&#8221; use_custom_gutter=&#8221;off&#8221; custom_padding_tablet=&#8221;50px|0|50px|0&#8243; custom_padding_last_edited=&#8221;on|desktop&#8221; next_background_color=&#8221;#000000&#8243;][et_pb_row admin_label=&#8221;row&#8221; make_fullwidth=&#8221;on&#8221; use_custom_width=&#8221;off&#8221; width_unit=&#8221;on&#8221; use_custom_gutter=&#8221;off&#8221; custom_padding=&#8221;70px||70px|&#8221; padding_mobile=&#8221;off&#8221; allow_player_pause=&#8221;off&#8221; parallax=&#8221;off&#8221; parallax_method=&#8221;off&#8221; make_equal=&#8221;off&#8221; parallax_1=&#8221;off&#8221; parallax_method_1=&#8221;off&#8221; column_padding_mobile=&#8221;on&#8221; background_color=&#8221;#e3e3e3&#8243; background_position=&#8221;top_left&#8221; background_repeat=&#8221;repeat&#8221; background_size=&#8221;initial&#8221;][et_pb_column type=&#8221;4_4&#8243;][et_pb_text admin_label=&#8221;Texte secteurs&#8221; background_layout=&#8221;light&#8221; text_orientation=&#8221;center&#8221; use_border_color=&#8221;off&#8221; border_color=&#8221;#ffffff&#8221; border_style=&#8221;solid&#8221; text_font_size=&#8221;17&#8243; text_text_color=&#8221;#000000&#8243; custom_padding=&#8221;|100px|50px|100px&#8221; text_line_height=&#8221;1.8em&#8221; background_position=&#8221;top_left&#8221; background_repeat=&#8221;repeat&#8221; background_size=&#8221;initial&#8221; module_alignment=&#8221;center&#8221;]<\/p>\n<p style=\"text-align: center;\"><strong>\u2022&nbsp;Secteur VALORISATION DES DECHETS :&nbsp;<img loading=\"lazy\" class=\"alignnone wp-image-905\" src=\"http:\/\/aehz.fr\/wp-content\/uploads\/2017\/06\/RondsBlancs.png\" alt=\"RondsBlancs\" width=\"54\" height=\"88\"><br \/>\n<\/strong><span id=\"yui_3_16_0_ym19_1_1501580555760_43514\">Mesure et analyse vibratoire<br \/>\n<\/span><span id=\"yui_3_16_0_ym19_1_1501580555760_43512\">Recherche de fuite de vide par cam\u00e9ra ultrasons sur les \u00e9lectrofiltres et circuit vide<br \/>\n<\/span><span id=\"yui_3_16_0_ym19_1_1501580555760_43510\">Mesure d\u2019\u00e9paisseur de tubulure de chaudi\u00e8re par ultrasons<br \/>\n<\/span><span id=\"yui_3_16_0_ym19_1_1501580555760_43508\">Recherche de fuite d\u2019air comprim\u00e9 par cam\u00e9ra ultrasons<br \/>\n<\/span><span id=\"yui_3_16_0_ym19_1_1501580555760_45592\">Equilibrage de ventilateur<br \/>\n<\/span><span id=\"yui_3_16_0_ym19_1_1501580555760_45598\">Equilibrage de broyeur<\/span><\/p>\n<p>[\/et_pb_text][et_pb_text admin_label=&#8221;Texte secteurs&#8221; background_layout=&#8221;light&#8221; text_orientation=&#8221;center&#8221; use_border_color=&#8221;off&#8221; border_color=&#8221;#ffffff&#8221; border_style=&#8221;solid&#8221; text_font_size=&#8221;17&#8243; text_text_color=&#8221;#668a28&#8243; custom_padding=&#8221;|100px|50px|100px&#8221; text_line_height=&#8221;1.8em&#8221; background_position=&#8221;top_left&#8221; background_repeat=&#8221;repeat&#8221; background_size=&#8221;initial&#8221; module_alignment=&#8221;center&#8221;]<\/p>\n<p style=\"text-align: center;\"><strong>\u2022&nbsp;Secteur AUTOMOBILE :&nbsp;<img loading=\"lazy\" class=\"alignnone wp-image-905\" src=\"http:\/\/aehz.fr\/wp-content\/uploads\/2017\/06\/RondsBlancs.png\" alt=\"RondsBlancs\" width=\"54\" height=\"88\"><br \/>\n<\/strong><span id=\"yui_3_16_0_ym19_1_1501580555760_45620\">Mesure et analyse vibratoire<br \/>\n<\/span><span id=\"yui_3_16_0_ym19_1_1501580555760_45631\">Alignement d\u2019axes d\u2019un groupe moteur pompe<\/span><\/p>\n<p>[\/et_pb_text][et_pb_text admin_label=&#8221;Texte secteurs&#8221; background_layout=&#8221;light&#8221; text_orientation=&#8221;center&#8221; use_border_color=&#8221;off&#8221; border_color=&#8221;#ffffff&#8221; border_style=&#8221;solid&#8221; text_font_size=&#8221;17&#8243; text_text_color=&#8221;#000000&#8243; custom_padding=&#8221;|100px|50px|100px&#8221; text_line_height=&#8221;1.8em&#8221; background_position=&#8221;top_left&#8221; background_repeat=&#8221;repeat&#8221; background_size=&#8221;initial&#8221; module_alignment=&#8221;center&#8221;]<\/p>\n<p style=\"text-align: center;\"><strong>\u2022&nbsp;Secteur MATERIAUX DU B\u00c2TIMENT :&nbsp;<img loading=\"lazy\" class=\"alignnone wp-image-905\" src=\"http:\/\/aehz.fr\/wp-content\/uploads\/2017\/06\/RondsBlancs.png\" alt=\"RondsBlancs\" width=\"54\" height=\"88\"><br \/>\n<\/strong><span id=\"yui_3_16_0_ym19_1_1501580555760_45666\">Mesure et analyse vibratoire<br \/>\n<\/span><span id=\"yui_3_16_0_ym19_1_1501580555760_45558\">Alignement d\u2019axes d\u2019un groupe moto r\u00e9ducteur mouleuse<br \/>\n<\/span><span id=\"yui_3_16_0_ym19_1_1501580555760_45665\">Recherche de fuite de gaz par cam\u00e9ra ultrasons<br \/>\n<\/span><span id=\"yui_3_16_0_ym19_1_1501580555760_45560\">Contr\u00f4le non destructif par magn\u00e9toscopie d\u2019un arbre de malaxeur<br \/>\n<\/span><span id=\"yui_3_16_0_ym19_1_1501580555760_45664\">Equilibrage de ventilateur<br \/>\n<\/span><span id=\"yui_3_16_0_ym19_1_1501580555760_45562\">Remplacement de roulements, joints d\u2019un ventilateur<br \/>\n<\/span><span id=\"yui_3_16_0_ym19_1_1501580555760_45685\">Alignement de poulies d\u2019un groupe moteur ventilateur<br \/>\n<\/span><span id=\"yui_3_16_0_ym19_1_1501580555760_45544\">Contr\u00f4le non destructif par magn\u00e9toscopie de v\u00e9rin hydraulique<br \/>\n<\/span><span id=\"yui_3_16_0_ym19_1_1501580555760_45687\">Endoscopie de r\u00e9ducteur doseur lin\u00e9aire, broyeur \u00e0 meules<br \/>\n<\/span><span id=\"yui_3_16_0_ym19_1_1501580555760_45689\">Thermographie d\u2019armoires \u00e9lectriques<\/span><\/p>\n<p>[\/et_pb_text][et_pb_text admin_label=&#8221;Texte secteurs&#8221; background_layout=&#8221;light&#8221; text_orientation=&#8221;center&#8221; use_border_color=&#8221;off&#8221; border_color=&#8221;#ffffff&#8221; border_style=&#8221;solid&#8221; text_font_size=&#8221;17&#8243; text_text_color=&#8221;#668a28&#8243; custom_padding=&#8221;|100px|50px|100px&#8221; text_line_height=&#8221;1.8em&#8221; background_position=&#8221;top_left&#8221; background_repeat=&#8221;repeat&#8221; background_size=&#8221;initial&#8221; module_alignment=&#8221;center&#8221;]<\/p>\n<p style=\"text-align: center;\"><strong>\u2022&nbsp;Secteur DISTRIBUTION DE L&#8217;EAU :&nbsp;<img loading=\"lazy\" class=\"alignnone wp-image-905\" src=\"http:\/\/aehz.fr\/wp-content\/uploads\/2017\/06\/RondsBlancs.png\" alt=\"RondsBlancs\" width=\"54\" height=\"88\"><br \/>\n<\/strong><span id=\"yui_3_16_0_ym19_1_1501580555760_45723\">Mesure et analyse vibratoire<br \/>\n<\/span><span id=\"yui_3_16_0_ym19_1_1501580555760_45721\">Recherche de fuite d\u2019air comprim\u00e9 par cam\u00e9ra ultrasons<br \/>\n<\/span><span id=\"yui_3_16_0_ym19_1_1501580555760_45719\">Thermographie d\u2019armoires \u00e9lectriques<\/span><\/p>\n<p>[\/et_pb_text][et_pb_text admin_label=&#8221;Texte secteurs&#8221; background_layout=&#8221;light&#8221; text_orientation=&#8221;center&#8221; use_border_color=&#8221;off&#8221; border_color=&#8221;#ffffff&#8221; border_style=&#8221;solid&#8221; text_font_size=&#8221;17&#8243; text_text_color=&#8221;#000000&#8243; custom_padding=&#8221;|100px|50px|100px&#8221; text_line_height=&#8221;1.8em&#8221; background_position=&#8221;top_left&#8221; background_repeat=&#8221;repeat&#8221; background_size=&#8221;initial&#8221; module_alignment=&#8221;center&#8221;]<\/p>\n<p style=\"text-align: center;\"><strong>\u2022&nbsp;Secteur PHARMACEUTIQUE :&nbsp;<img loading=\"lazy\" class=\"alignnone wp-image-905\" src=\"http:\/\/aehz.fr\/wp-content\/uploads\/2017\/06\/RondsBlancs.png\" alt=\"RondsBlancs\" width=\"54\" height=\"88\"><br \/>\n<\/strong><span id=\"yui_3_16_0_ym19_1_1501580555760_45750\">Mesure et analyse vibratoire<br \/>\n<\/span><span id=\"yui_3_16_0_ym19_1_1501580555760_45713\">Recherche de fuite d\u2019air comprim\u00e9 par cam\u00e9ra ultrasons<br \/>\n<\/span><span id=\"yui_3_16_0_ym19_1_1501580555760_45754\">Maintenance corrective fuite air comprim\u00e9<\/span><\/p>\n<p>[\/et_pb_text][et_pb_text admin_label=&#8221;Texte secteurs&#8221; background_layout=&#8221;light&#8221; text_orientation=&#8221;center&#8221; use_border_color=&#8221;off&#8221; border_color=&#8221;#ffffff&#8221; border_style=&#8221;solid&#8221; text_font_size=&#8221;17&#8243; text_text_color=&#8221;#668a28&#8243; custom_padding=&#8221;|100px|50px|100px&#8221; text_line_height=&#8221;1.8em&#8221; background_position=&#8221;top_left&#8221; background_repeat=&#8221;repeat&#8221; background_size=&#8221;initial&#8221; module_alignment=&#8221;center&#8221;]<\/p>\n<p style=\"text-align: center;\"><strong>\u2022&nbsp;Secteur AGROALIMENTAIRE&nbsp;:&nbsp;<img loading=\"lazy\" class=\"alignnone wp-image-905\" src=\"http:\/\/aehz.fr\/wp-content\/uploads\/2017\/06\/RondsBlancs.png\" alt=\"RondsBlancs\" width=\"54\" height=\"88\"><br \/>\n<\/strong><span id=\"yui_3_16_0_ym19_1_1501580555760_45776\">Mesure et analyse vibratoire<br \/>\n<\/span><span id=\"yui_3_16_0_ym19_1_1501580555760_45784\">Recherche de fuite d\u2019air comprim\u00e9 par cam\u00e9ra ultrasons<br \/>\n<\/span><span id=\"yui_3_16_0_ym19_1_1501580555760_45546\">Mesure d\u2019\u00e9paisseur d\u2019un chassis de malaxeur par ultrasons<br \/>\n<\/span><span id=\"yui_3_16_0_ym19_1_1501580555760_45783\">Equilibrage de ventilateur<br \/>\n<\/span><span id=\"yui_3_16_0_ym19_1_1501580555760_45781\">Equilibrage de broyeur d\u2019aliments<br \/>\n<\/span><span id=\"yui_3_16_0_ym19_1_1501580555760_45779\">Alignement d\u2019axes d\u2019un groupe moteur broyeur<br \/>\n<\/span><span id=\"yui_3_16_0_ym19_1_1501580555760_45777\">Endoscopie d\u2019un four \u00e0 pain<br \/>\n<\/span><span id=\"yui_3_16_0_ym19_1_1501580555760_45787\">Endoscopie d\u2019un r\u00e9ducteur presse \u00e0 pulpe dans une sucrerie<br \/>\n<\/span><span id=\"yui_3_16_0_ym19_1_1501580555760_45548\">Endoscopie d\u2019un four \u00e0 chaux dans une sucrerie<br \/>\n<\/span><span id=\"yui_3_16_0_ym19_1_1501580555760_45788\">Endoscopie de r\u00e9ducteur de trommel dans une sucrerie<\/span><\/p>\n<p>[\/et_pb_text][et_pb_text admin_label=&#8221;Texte secteurs&#8221; background_layout=&#8221;light&#8221; text_orientation=&#8221;center&#8221; use_border_color=&#8221;off&#8221; border_color=&#8221;#ffffff&#8221; border_style=&#8221;solid&#8221; text_font_size=&#8221;17&#8243; text_text_color=&#8221;#000000&#8243; custom_padding=&#8221;|100px|50px|100px&#8221; text_line_height=&#8221;1.8em&#8221; background_position=&#8221;top_left&#8221; background_repeat=&#8221;repeat&#8221; background_size=&#8221;initial&#8221; module_alignment=&#8221;center&#8221;]<\/p>\n<p style=\"text-align: center;\"><strong>\u2022&nbsp;Secteur PAPETIER&nbsp;:&nbsp;<img loading=\"lazy\" class=\"alignnone wp-image-905\" src=\"http:\/\/aehz.fr\/wp-content\/uploads\/2017\/06\/RondsBlancs.png\" alt=\"RondsBlancs\" width=\"54\" height=\"88\"><br \/>\n<\/strong><span id=\"yui_3_16_0_ym19_1_1501580555760_45550\">Contr\u00f4le non destructif par magn\u00e9toscopie d\u2019un arbre et denture de r\u00e9ducteur pulper<br \/>\n<\/span><span id=\"yui_3_16_0_ym19_1_1501580555760_45552\">Contr\u00f4le non destructif par magn\u00e9toscopie de rouleaux s\u00e9cheurs<br \/>\n<\/span><span id=\"yui_3_16_0_ym19_1_1501580555760_45824\">Contr\u00f4le non destructif par ultrasons d\u2019arbre de rouleaux s\u00e9cheurs<br \/>\n<\/span><span id=\"yui_3_16_0_ym19_1_1501580555760_45828\">Recherche de fuite d\u2019air comprim\u00e9 par cam\u00e9ra ultrasons<\/span><\/p>\n<p>[\/et_pb_text][et_pb_text admin_label=&#8221;Texte secteurs&#8221; background_layout=&#8221;light&#8221; text_orientation=&#8221;center&#8221; use_border_color=&#8221;off&#8221; border_color=&#8221;#ffffff&#8221; border_style=&#8221;solid&#8221; text_font_size=&#8221;17&#8243; text_text_color=&#8221;#668a28&#8243; custom_padding=&#8221;|100px|50px|100px&#8221; text_line_height=&#8221;1.8em&#8221; background_position=&#8221;top_left&#8221; background_repeat=&#8221;repeat&#8221; background_size=&#8221;initial&#8221; module_alignment=&#8221;center&#8221;]<\/p>\n<p style=\"text-align: center;\"><strong>\u2022&nbsp;Secteur DEFENSE&nbsp;:&nbsp;<img loading=\"lazy\" class=\"alignnone wp-image-905\" src=\"http:\/\/aehz.fr\/wp-content\/uploads\/2017\/06\/RondsBlancs.png\" alt=\"RondsBlancs\" width=\"54\" height=\"88\"><br \/>\n<\/strong>Recherche de fuite d\u2019air comprim\u00e9 par cam\u00e9ra ultrasons<\/p>\n<h5 style=\"text-align: center;\"><\/h5>\n<p>[\/et_pb_text][et_pb_text admin_label=&#8221;Texte secteurs&#8221; background_layout=&#8221;light&#8221; text_orientation=&#8221;center&#8221; use_border_color=&#8221;off&#8221; border_color=&#8221;#ffffff&#8221; border_style=&#8221;solid&#8221; text_font_size=&#8221;17&#8243; text_text_color=&#8221;#000000&#8243; custom_padding=&#8221;|100px||100px&#8221; text_line_height=&#8221;1.8em&#8221; background_position=&#8221;top_left&#8221; background_repeat=&#8221;repeat&#8221; background_size=&#8221;initial&#8221; module_alignment=&#8221;center&#8221;]<\/p>\n<p style=\"text-align: center;\"><strong>\u2022&nbsp;Secteur METALLURGIE&nbsp;:&nbsp;<img loading=\"lazy\" class=\"alignnone wp-image-905\" src=\"http:\/\/aehz.fr\/wp-content\/uploads\/2017\/06\/RondsBlancs.png\" alt=\"RondsBlancs\" width=\"54\" height=\"88\"><br \/>\n<\/strong>Recherche de fuite d\u2019air comprim\u00e9 par cam\u00e9ra ultrasons<\/p>\n<h5 style=\"text-align: center;\"><\/h5>\n<p>[\/et_pb_text][\/et_pb_column][\/et_pb_row][\/et_pb_section][et_pb_section bb_built=&#8221;1&#8243; specialty=&#8221;off&#8221; _builder_version=&#8221;3.21&#8243; background_color=&#8221;#ffffff&#8221; custom_margin=&#8221;25px|0px|25px|0px&#8221; prev_background_color=&#8221;#000000&#8243;][et_pb_row _builder_version=&#8221;3.21&#8243;][et_pb_column type=&#8221;4_4&#8243;][et_pb_text _builder_version=&#8221;3.21&#8243; text_font_size=&#8221;17&#8243;]<\/p>\n<p><img loading=\"lazy\" class=\" wp-image-674 aligncenter\" src=\"http:\/\/aehz.fr\/wp-content\/uploads\/2017\/05\/Logo.jpg\" alt=\"\" width=\"100\" height=\"91\" \/><\/p>\n<p style=\"text-align: center;\">Copyright \u00a9 2018 I <strong><a href=\"http:\/\/aehz.fr\/index.php\/mentions-legales\/\">Mentions l\u00e9gales<\/a><\/strong><\/p>\n<p>[\/et_pb_text][\/et_pb_column][\/et_pb_row][\/et_pb_section]<\/p>\n","protected":false},"excerpt":{"rendered":"<p>[et_pb_section bb_built=&#8221;1&#8243; admin_label=&#8221;section&#8221; transparent_background=&#8221;off&#8221; background_color=&#8221;#ffffff&#8221; allow_player_pause=&#8221;off&#8221; inner_shadow=&#8221;off&#8221; parallax=&#8221;off&#8221; parallax_method=&#8221;off&#8221; padding_mobile=&#8221;off&#8221; make_fullwidth=&#8221;off&#8221; use_custom_width=&#8221;off&#8221; width_unit=&#8221;on&#8221; make_equal=&#8221;off&#8221; use_custom_gutter=&#8221;off&#8221; custom_padding_tablet=&#8221;50px|0|50px|0&#8243; custom_padding_last_edited=&#8221;on|desktop&#8221; next_background_color=&#8221;#000000&#8243;][et_pb_row admin_label=&#8221;row&#8221; make_fullwidth=&#8221;on&#8221; use_custom_width=&#8221;off&#8221; width_unit=&#8221;on&#8221; use_custom_gutter=&#8221;off&#8221; custom_padding=&#8221;70px||70px|&#8221; padding_mobile=&#8221;off&#8221; allow_player_pause=&#8221;off&#8221; parallax=&#8221;off&#8221; parallax_method=&#8221;off&#8221; make_equal=&#8221;off&#8221; parallax_1=&#8221;off&#8221; parallax_method_1=&#8221;off&#8221; column_padding_mobile=&#8221;on&#8221; background_color=&#8221;#e3e3e3&#8243; background_position=&#8221;top_left&#8221; background_repeat=&#8221;repeat&#8221; background_size=&#8221;initial&#8221;][et_pb_column type=&#8221;4_4&#8243;][et_pb_text admin_label=&#8221;Texte secteurs&#8221; background_layout=&#8221;light&#8221; text_orientation=&#8221;center&#8221; use_border_color=&#8221;off&#8221; border_color=&#8221;#ffffff&#8221; border_style=&#8221;solid&#8221; text_font_size=&#8221;17&#8243; text_text_color=&#8221;#000000&#8243; custom_padding=&#8221;|100px|50px|100px&#8221; text_line_height=&#8221;1.8em&#8221; background_position=&#8221;top_left&#8221; background_repeat=&#8221;repeat&#8221; background_size=&#8221;initial&#8221; module_alignment=&#8221;center&#8221;] \u2022&nbsp;Secteur VALORISATION DES [&hellip;]<\/p>\n","protected":false},"author":2,"featured_media":0,"parent":0,"menu_order":0,"comment_status":"closed","ping_status":"closed","template":"","meta":{"_et_pb_use_builder":"on","_et_pb_old_content":""},"_links":{"self":[{"href":"https:\/\/aehz.fr\/index.php\/wp-json\/wp\/v2\/pages\/802"}],"collection":[{"href":"https:\/\/aehz.fr\/index.php\/wp-json\/wp\/v2\/pages"}],"about":[{"href":"https:\/\/aehz.fr\/index.php\/wp-json\/wp\/v2\/types\/page"}],"author":[{"embeddable":true,"href":"https:\/\/aehz.fr\/index.php\/wp-json\/wp\/v2\/users\/2"}],"replies":[{"embeddable":true,"href":"https:\/\/aehz.fr\/index.php\/wp-json\/wp\/v2\/comments?post=802"}],"version-history":[{"count":28,"href":"https:\/\/aehz.fr\/index.php\/wp-json\/wp\/v2\/pages\/802\/revisions"}],"predecessor-version":[{"id":992,"href":"https:\/\/aehz.fr\/index.php\/wp-json\/wp\/v2\/pages\/802\/revisions\/992"}],"wp:attachment":[{"href":"https:\/\/aehz.fr\/index.php\/wp-json\/wp\/v2\/media?parent=802"}],"curies":[{"name":"wp","href":"https:\/\/api.w.org\/{rel}","templated":true}]}}